{"id":668,"date":"2025-09-18T09:36:07","date_gmt":"2025-09-18T07:36:07","guid":{"rendered":"https:\/\/firstep.mx\/?page_id=668"},"modified":"2025-11-06T05:06:33","modified_gmt":"2025-11-06T04:06:33","slug":"empresas","status":"publish","type":"page","link":"https:\/\/firstep.mx\/?page_id=668","title":{"rendered":"Empresas"},"content":{"rendered":"\t\t<div data-elementor-type=\"wp-page\" data-elementor-id=\"668\" class=\"elementor elementor-668\" data-elementor-post-type=\"page\">\n\t\t\t\t<div data-particle_enable=\"false\" data-particle-mobile-disabled=\"false\" class=\"elementor-element elementor-element-b0a9f87 e-con-full e-flex e-con e-parent\" data-id=\"b0a9f87\" data-element_type=\"container\" data-e-type=\"container\" data-settings=\"{&quot;background_background&quot;:&quot;classic&quot;,&quot;jet_parallax_layout_list&quot;:[]}\">\n\t\t<div data-particle_enable=\"false\" data-particle-mobile-disabled=\"false\" class=\"elementor-element elementor-element-9b3f917 e-con-full card e-flex e-con e-child\" data-id=\"9b3f917\" data-element_type=\"container\" data-e-type=\"container\" data-settings=\"{&quot;jet_parallax_layout_list&quot;:[]}\">\n\t\t\t\t<div class=\"elementor-element elementor-element-a9cb744 elementor-widget elementor-widget-heading\" data-id=\"a9cb744\" data-element_type=\"widget\" data-e-type=\"widget\" data-widget_type=\"heading.default\">\n\t\t\t\t\t<h1 class=\"elementor-heading-title elementor-size-default\">Servicios Empresariales<\/h1>\t\t\t\t<\/div>\n\t\t\t\t<\/div>\n\t\t\t\t<\/div>\n\t\t<div data-particle_enable=\"false\" data-particle-mobile-disabled=\"false\" class=\"elementor-element elementor-element-dc1c989 e-con-full e-flex e-con e-parent\" data-id=\"dc1c989\" data-element_type=\"container\" data-e-type=\"container\" data-settings=\"{&quot;background_background&quot;:&quot;classic&quot;,&quot;jet_parallax_layout_list&quot;:[]}\">\n\t\t\t\t<div class=\"elementor-element elementor-element-484bbf1 eael-dual-header-content-align-center elementor-widget elementor-widget-eael-dual-color-header\" data-id=\"484bbf1\" data-element_type=\"widget\" data-e-type=\"widget\" data-widget_type=\"eael-dual-color-header.default\">\n\t\t\t\t\t\t\t\t<div class=\"eael-dual-header\">\n\t\t\t\t<h2 class=\"title eael-dch-title\"><span class=\"eael-dch-title-text eael-dch-title-lead lead solid-color\">la salud mental de tu equipo es la base de una <\/span> <span class=\"eael-dch-title-text\">organizaci\u00f3n fuerte, adaptable y sostenible<\/span><\/h2>\t\t\t<\/div>\n\n\t\t\t\t\t\t<\/div>\n\t\t\t\t<\/div>\n\t\t<div data-particle_enable=\"false\" data-particle-mobile-disabled=\"false\" class=\"elementor-element elementor-element-8e86dc6 e-con-full e-flex e-con e-parent\" data-id=\"8e86dc6\" data-element_type=\"container\" data-e-type=\"container\" data-settings=\"{&quot;jet_parallax_layout_list&quot;:[]}\">\n\t\t\t\t<div class=\"elementor-element elementor-element-08583a8 elementor-widget elementor-widget-spacer\" data-id=\"08583a8\" data-element_type=\"widget\" data-e-type=\"widget\" data-widget_type=\"spacer.default\">\n\t\t\t\t\t\t\t<div class=\"elementor-spacer\">\n\t\t\t<div class=\"elementor-spacer-inner\"><\/div>\n\t\t<\/div>\n\t\t\t\t\t\t<\/div>\n\t\t\t\t<\/div>\n\t\t<div data-particle_enable=\"false\" data-particle-mobile-disabled=\"false\" class=\"elementor-element elementor-element-ae686d1 e-flex e-con-boxed e-con e-parent\" data-id=\"ae686d1\" data-element_type=\"container\" data-e-type=\"container\" data-settings=\"{&quot;background_background&quot;:&quot;classic&quot;,&quot;jet_parallax_layout_list&quot;:[]}\">\n\t\t\t\t\t<div class=\"e-con-inner\">\n\t\t<div data-particle_enable=\"false\" data-particle-mobile-disabled=\"false\" class=\"elementor-element elementor-element-7b0d713 e-con-full e-flex e-con e-child\" data-id=\"7b0d713\" data-element_type=\"container\" data-e-type=\"container\" data-settings=\"{&quot;jet_parallax_layout_list&quot;:[]}\">\n\t\t\t\t<div class=\"elementor-element elementor-element-5d92451 elementor-widget__width-initial elementor-widget elementor-widget-heading\" data-id=\"5d92451\" data-element_type=\"widget\" data-e-type=\"widget\" data-widget_type=\"heading.default\">\n\t\t\t\t\t<h2 class=\"elementor-heading-title elementor-size-default\">Desarrollo Personal y Productividad<\/h2>\t\t\t\t<\/div>\n\t\t\t\t<div class=\"elementor-element elementor-element-f95147b elementor-widget elementor-widget-spacer\" data-id=\"f95147b\" data-element_type=\"widget\" data-e-type=\"widget\" data-widget_type=\"spacer.default\">\n\t\t\t\t\t\t\t<div class=\"elementor-spacer\">\n\t\t\t<div class=\"elementor-spacer-inner\"><\/div>\n\t\t<\/div>\n\t\t\t\t\t\t<\/div>\n\t\t\t\t<div class=\"elementor-element elementor-element-3c1d573 elementor-widget elementor-widget-text-editor\" data-id=\"3c1d573\" data-element_type=\"widget\" data-e-type=\"widget\" data-widget_type=\"text-editor.default\">\n\t\t\t\t\t\t\t\t\t<p>Un equipo productivo comienza con personas conscientes de sus fortalezas, motivaciones y h\u00e1bitos. Este taller ofrece herramientas pr\u00e1cticas para mejorar la gesti\u00f3n del tiempo, fortalecer la inteligencia emocional y alinear el crecimiento personal con los objetivos organizacionales.<\/p><ul><li><strong style=\"font-size: 16px;\">Administraci\u00f3n efectiva del tiempo<\/strong><\/li><li><strong>Planeaci\u00f3n y organizaci\u00f3n estrat\u00e9gica<\/strong><\/li><li><strong>Gesti\u00f3n emocional en el entorno laboral<\/strong><\/li><\/ul>\t\t\t\t\t\t\t\t<\/div>\n\t\t\t\t<div class=\"elementor-element elementor-element-b6e4b99 elementor-widget elementor-widget-spacer\" data-id=\"b6e4b99\" data-element_type=\"widget\" data-e-type=\"widget\" data-widget_type=\"spacer.default\">\n\t\t\t\t\t\t\t<div class=\"elementor-spacer\">\n\t\t\t<div class=\"elementor-spacer-inner\"><\/div>\n\t\t<\/div>\n\t\t\t\t\t\t<\/div>\n\t\t\t\t<div class=\"elementor-element elementor-element-c27fb60 elementor-widget elementor-widget-eael-creative-button\" data-id=\"c27fb60\" data-element_type=\"widget\" data-e-type=\"widget\" data-widget_type=\"eael-creative-button.default\">\n\t\t\t\t\t        <div class=\"eael-creative-button-wrapper\">\n\n            <a class=\"eael-creative-button eael-creative-button--antiman\" href=\"#\" data-text=\"Go!\">\n            \t    \n                <div class=\"creative-button-inner\">\n\n                    \n                    <span class=\"cretive-button-text\">Agenda tu cita<\/span>\n\n                                    <\/div>\n\t                        <\/a>\n        <\/div>\n        \t\t\t\t<\/div>\n\t\t\t\t<\/div>\n\t\t<div data-particle_enable=\"false\" data-particle-mobile-disabled=\"false\" class=\"elementor-element elementor-element-b44a249 e-con-full e-flex e-con e-child\" data-id=\"b44a249\" data-element_type=\"container\" data-e-type=\"container\" data-settings=\"{&quot;jet_parallax_layout_list&quot;:[]}\">\n\t\t\t\t<div class=\"elementor-element elementor-element-160d38c elementor-widget elementor-widget-image\" data-id=\"160d38c\" data-element_type=\"widget\" data-e-type=\"widget\" data-widget_type=\"image.default\">\n\t\t\t\t\t\t\t\t\t\t\t\t\t\t\t<img fetchpriority=\"high\" decoding=\"async\" width=\"683\" height=\"1024\" src=\"https:\/\/firstep.mx\/wp-content\/uploads\/2025\/10\/pexels-thirdman-5582867-683x1024.jpg\" class=\"attachment-large size-large wp-image-1651\" alt=\"\" srcset=\"https:\/\/firstep.mx\/wp-content\/uploads\/2025\/10\/pexels-thirdman-5582867-683x1024.jpg 683w, https:\/\/firstep.mx\/wp-content\/uploads\/2025\/10\/pexels-thirdman-5582867-200x300.jpg 200w, https:\/\/firstep.mx\/wp-content\/uploads\/2025\/10\/pexels-thirdman-5582867-768x1152.jpg 768w, https:\/\/firstep.mx\/wp-content\/uploads\/2025\/10\/pexels-thirdman-5582867-1024x1536.jpg 1024w, https:\/\/firstep.mx\/wp-content\/uploads\/2025\/10\/pexels-thirdman-5582867-1365x2048.jpg 1365w, https:\/\/firstep.mx\/wp-content\/uploads\/2025\/10\/pexels-thirdman-5582867-scaled.jpg 1707w\" sizes=\"(max-width: 683px) 100vw, 683px\" \/>\t\t\t\t\t\t\t\t\t\t\t\t\t\t\t<\/div>\n\t\t\t\t<\/div>\n\t\t\t\t\t<\/div>\n\t\t\t\t<\/div>\n\t\t<div data-particle_enable=\"false\" data-particle-mobile-disabled=\"false\" class=\"elementor-element elementor-element-00cdfba e-flex e-con-boxed e-con e-parent\" data-id=\"00cdfba\" data-element_type=\"container\" data-e-type=\"container\" data-settings=\"{&quot;background_background&quot;:&quot;classic&quot;,&quot;jet_parallax_layout_list&quot;:[]}\">\n\t\t\t\t\t<div class=\"e-con-inner\">\n\t\t<div data-particle_enable=\"false\" data-particle-mobile-disabled=\"false\" class=\"elementor-element elementor-element-95ec504 e-con-full e-flex e-con e-child\" data-id=\"95ec504\" data-element_type=\"container\" data-e-type=\"container\" data-settings=\"{&quot;jet_parallax_layout_list&quot;:[]}\">\n\t\t\t\t<div class=\"elementor-element elementor-element-3421414 elementor-widget elementor-widget-image\" data-id=\"3421414\" data-element_type=\"widget\" data-e-type=\"widget\" data-widget_type=\"image.default\">\n\t\t\t\t\t\t\t\t\t\t\t\t\t\t\t<img decoding=\"async\" width=\"683\" height=\"1024\" src=\"https:\/\/firstep.mx\/wp-content\/uploads\/2025\/10\/pexels-fauxels-3184287-683x1024.jpg\" class=\"attachment-large size-large wp-image-1688\" alt=\"\" srcset=\"https:\/\/firstep.mx\/wp-content\/uploads\/2025\/10\/pexels-fauxels-3184287-683x1024.jpg 683w, https:\/\/firstep.mx\/wp-content\/uploads\/2025\/10\/pexels-fauxels-3184287-200x300.jpg 200w, https:\/\/firstep.mx\/wp-content\/uploads\/2025\/10\/pexels-fauxels-3184287-768x1152.jpg 768w, https:\/\/firstep.mx\/wp-content\/uploads\/2025\/10\/pexels-fauxels-3184287-1024x1536.jpg 1024w, https:\/\/firstep.mx\/wp-content\/uploads\/2025\/10\/pexels-fauxels-3184287-1365x2048.jpg 1365w, https:\/\/firstep.mx\/wp-content\/uploads\/2025\/10\/pexels-fauxels-3184287-scaled.jpg 1707w\" sizes=\"(max-width: 683px) 100vw, 683px\" \/>\t\t\t\t\t\t\t\t\t\t\t\t\t\t\t<\/div>\n\t\t\t\t<\/div>\n\t\t<div data-particle_enable=\"false\" data-particle-mobile-disabled=\"false\" class=\"elementor-element elementor-element-425dddc e-con-full e-flex e-con e-child\" data-id=\"425dddc\" data-element_type=\"container\" data-e-type=\"container\" data-settings=\"{&quot;jet_parallax_layout_list&quot;:[]}\">\n\t\t\t\t<div class=\"elementor-element elementor-element-1e3fcad elementor-widget__width-initial elementor-widget elementor-widget-heading\" data-id=\"1e3fcad\" data-element_type=\"widget\" data-e-type=\"widget\" data-widget_type=\"heading.default\">\n\t\t\t\t\t<h2 class=\"elementor-heading-title elementor-size-default\">Habilidades Interpersonales<\/h2>\t\t\t\t<\/div>\n\t\t\t\t<div class=\"elementor-element elementor-element-ee16f96 elementor-widget elementor-widget-spacer\" data-id=\"ee16f96\" data-element_type=\"widget\" data-e-type=\"widget\" data-widget_type=\"spacer.default\">\n\t\t\t\t\t\t\t<div class=\"elementor-spacer\">\n\t\t\t<div class=\"elementor-spacer-inner\"><\/div>\n\t\t<\/div>\n\t\t\t\t\t\t<\/div>\n\t\t\t\t<div class=\"elementor-element elementor-element-5d7adf5 elementor-widget elementor-widget-text-editor\" data-id=\"5d7adf5\" data-element_type=\"widget\" data-e-type=\"widget\" data-widget_type=\"text-editor.default\">\n\t\t\t\t\t\t\t\t\t<p>Las relaciones laborales efectivas se construyen con habilidades que van m\u00e1s all\u00e1 del conocimiento t\u00e9cnico. Este taller fortalece la capacidad de comunicarse con claridad, colaborar con otros y generar v\u00ednculos de confianza que impactan directamente en el clima organizacional y los resultados del equipo.<\/p><ul><li><strong>Manejo constructivo de conflictos<\/strong><\/li><li><strong>Trabajo en equipo y colaboraci\u00f3n<\/strong><\/li><li><strong>Comunicaci\u00f3n efectiva en el \u00e1mbito laboral<\/strong><\/li><\/ul>\t\t\t\t\t\t\t\t<\/div>\n\t\t\t\t<div class=\"elementor-element elementor-element-2eb1573 elementor-widget elementor-widget-eael-creative-button\" data-id=\"2eb1573\" data-element_type=\"widget\" data-e-type=\"widget\" data-widget_type=\"eael-creative-button.default\">\n\t\t\t\t\t        <div class=\"eael-creative-button-wrapper\">\n\n            <a class=\"eael-creative-button eael-creative-button--antiman\" href=\"#\" data-text=\"Go!\">\n            \t    \n                <div class=\"creative-button-inner\">\n\n                    \n                    <span class=\"cretive-button-text\">Agenda tu cita<\/span>\n\n                                    <\/div>\n\t                        <\/a>\n        <\/div>\n        \t\t\t\t<\/div>\n\t\t\t\t<\/div>\n\t\t\t\t\t<\/div>\n\t\t\t\t<\/div>\n\t\t<div data-particle_enable=\"false\" data-particle-mobile-disabled=\"false\" class=\"elementor-element elementor-element-439e2ce e-flex e-con-boxed e-con e-parent\" data-id=\"439e2ce\" data-element_type=\"container\" data-e-type=\"container\" data-settings=\"{&quot;background_background&quot;:&quot;classic&quot;,&quot;jet_parallax_layout_list&quot;:[]}\">\n\t\t\t\t\t<div class=\"e-con-inner\">\n\t\t<div data-particle_enable=\"false\" data-particle-mobile-disabled=\"false\" class=\"elementor-element elementor-element-a9e4663 e-con-full e-flex e-con e-child\" data-id=\"a9e4663\" data-element_type=\"container\" data-e-type=\"container\" data-settings=\"{&quot;jet_parallax_layout_list&quot;:[]}\">\n\t\t\t\t<div class=\"elementor-element elementor-element-8f7e30c elementor-widget__width-initial elementor-widget elementor-widget-heading\" data-id=\"8f7e30c\" data-element_type=\"widget\" data-e-type=\"widget\" data-widget_type=\"heading.default\">\n\t\t\t\t\t<h2 class=\"elementor-heading-title elementor-size-default\">Bienestar y Liderazgo<\/h2>\t\t\t\t<\/div>\n\t\t\t\t<div class=\"elementor-element elementor-element-706204a elementor-widget elementor-widget-spacer\" data-id=\"706204a\" data-element_type=\"widget\" data-e-type=\"widget\" data-widget_type=\"spacer.default\">\n\t\t\t\t\t\t\t<div class=\"elementor-spacer\">\n\t\t\t<div class=\"elementor-spacer-inner\"><\/div>\n\t\t<\/div>\n\t\t\t\t\t\t<\/div>\n\t\t\t\t<div class=\"elementor-element elementor-element-eb1c382 elementor-widget elementor-widget-text-editor\" data-id=\"eb1c382\" data-element_type=\"widget\" data-e-type=\"widget\" data-widget_type=\"text-editor.default\">\n\t\t\t\t\t\t\t\t\t<p>El liderazgo efectivo no se mide solo por resultados, sino por la capacidad de inspirar, cuidar y sostener equipos en entornos cambiantes. Este taller integra herramientas de autocuidado, gesti\u00f3n emocional y liderazgo consciente para fortalecer el bienestar personal y colectivo en el \u00e1mbito laboral.<\/p><ul><li><strong>Manejo del estr\u00e9s y prevenci\u00f3n del burnout<\/strong><\/li><li><strong>Liderazgo consciente y motivador<\/strong><\/li><li><strong>Inteligencia emocional aplicada a la empresa<\/strong><\/li><\/ul>\t\t\t\t\t\t\t\t<\/div>\n\t\t\t\t<div class=\"elementor-element elementor-element-eaa004e elementor-widget elementor-widget-spacer\" data-id=\"eaa004e\" data-element_type=\"widget\" data-e-type=\"widget\" data-widget_type=\"spacer.default\">\n\t\t\t\t\t\t\t<div class=\"elementor-spacer\">\n\t\t\t<div class=\"elementor-spacer-inner\"><\/div>\n\t\t<\/div>\n\t\t\t\t\t\t<\/div>\n\t\t\t\t<div class=\"elementor-element elementor-element-a67ab14 elementor-widget elementor-widget-eael-creative-button\" data-id=\"a67ab14\" data-element_type=\"widget\" data-e-type=\"widget\" data-widget_type=\"eael-creative-button.default\">\n\t\t\t\t\t        <div class=\"eael-creative-button-wrapper\">\n\n            <a class=\"eael-creative-button eael-creative-button--antiman\" href=\"#\" data-text=\"Go!\">\n            \t    \n                <div class=\"creative-button-inner\">\n\n                    \n                    <span class=\"cretive-button-text\">Agenda tu cita<\/span>\n\n                                    <\/div>\n\t                        <\/a>\n        <\/div>\n        \t\t\t\t<\/div>\n\t\t\t\t<\/div>\n\t\t<div data-particle_enable=\"false\" data-particle-mobile-disabled=\"false\" class=\"elementor-element elementor-element-f11e077 e-con-full e-flex e-con e-child\" data-id=\"f11e077\" data-element_type=\"container\" data-e-type=\"container\" data-settings=\"{&quot;jet_parallax_layout_list&quot;:[]}\">\n\t\t\t\t<div class=\"elementor-element elementor-element-45832a2 elementor-widget elementor-widget-image\" data-id=\"45832a2\" data-element_type=\"widget\" data-e-type=\"widget\" data-widget_type=\"image.default\">\n\t\t\t\t\t\t\t\t\t\t\t\t\t\t\t<img decoding=\"async\" width=\"683\" height=\"1024\" src=\"https:\/\/firstep.mx\/wp-content\/uploads\/2025\/10\/pexels-rdne-5922201-683x1024.jpg\" class=\"attachment-large size-large wp-image-1689\" alt=\"\" srcset=\"https:\/\/firstep.mx\/wp-content\/uploads\/2025\/10\/pexels-rdne-5922201-683x1024.jpg 683w, https:\/\/firstep.mx\/wp-content\/uploads\/2025\/10\/pexels-rdne-5922201-200x300.jpg 200w, https:\/\/firstep.mx\/wp-content\/uploads\/2025\/10\/pexels-rdne-5922201-768x1152.jpg 768w, https:\/\/firstep.mx\/wp-content\/uploads\/2025\/10\/pexels-rdne-5922201-1024x1536.jpg 1024w, https:\/\/firstep.mx\/wp-content\/uploads\/2025\/10\/pexels-rdne-5922201-1365x2048.jpg 1365w, https:\/\/firstep.mx\/wp-content\/uploads\/2025\/10\/pexels-rdne-5922201-scaled.jpg 1707w\" sizes=\"(max-width: 683px) 100vw, 683px\" \/>\t\t\t\t\t\t\t\t\t\t\t\t\t\t\t<\/div>\n\t\t\t\t<\/div>\n\t\t\t\t\t<\/div>\n\t\t\t\t<\/div>\n\t\t<div data-particle_enable=\"false\" data-particle-mobile-disabled=\"false\" class=\"elementor-element elementor-element-9287838 e-con-full e-flex e-con e-parent\" data-id=\"9287838\" data-element_type=\"container\" data-e-type=\"container\" data-settings=\"{&quot;background_background&quot;:&quot;classic&quot;,&quot;jet_parallax_layout_list&quot;:[]}\">\n\t\t\t\t<\/div>\n\t\t\t\t<\/div>\n\t\t","protected":false},"excerpt":{"rendered":"<p>Servicios Empresariales la salud mental de tu equipo es la base de una organizaci\u00f3n fuerte, adaptable y sostenible Desarrollo Personal [&hellip;]<\/p>\n","protected":false},"author":1,"featured_media":0,"parent":0,"menu_order":0,"comment_status":"closed","ping_status":"closed","template":"","meta":{"pagelayer_contact_templates":[],"_pagelayer_content":"","site-sidebar-layout":"no-sidebar","site-content-layout":"","ast-site-content-layout":"full-width-container","site-content-style":"default","site-sidebar-style":"default","ast-global-header-display":"","ast-banner-title-visibility":"","ast-main-header-display":"","ast-hfb-above-header-display":"","ast-hfb-below-header-display":"","ast-hfb-mobile-header-display":"","site-post-title":"","ast-breadcrumbs-content":"","ast-featured-img":"disabled","footer-sml-layout":"","ast-disable-related-posts":"","theme-transparent-header-meta":"","adv-header-id-meta":"","stick-header-meta":"","header-above-stick-meta":"","header-main-stick-meta":"","header-below-stick-meta":"","astra-migrate-meta-layouts":"default","ast-page-background-enabled":"default","ast-page-background-meta":{"desktop":{"background-color":"var(--ast-global-color-5)","background-image":"","background-repeat":"repeat","background-position":"center center","background-size":"auto","background-attachment":"scroll","background-type":"","background-media":"","overlay-type":"","overlay-color":"","overlay-opacity":"","overlay-gradient":""},"tablet":{"background-color":"","background-image":"","background-repeat":"repeat","background-position":"center center","background-size":"auto","background-attachment":"scroll","background-type":"","background-media":"","overlay-type":"","overlay-color":"","overlay-opacity":"","overlay-gradient":""},"mobile":{"background-color":"","background-image":"","background-repeat":"repeat","background-position":"center center","background-size":"auto","background-attachment":"scroll","background-type":"","background-media":"","overlay-type":"","overlay-color":"","overlay-opacity":"","overlay-gradient":""}},"ast-content-background-meta":{"desktop":{"background-color":"var(--ast-global-color-4)","background-image":"","background-repeat":"repeat","background-position":"center center","background-size":"auto","background-attachment":"scroll","background-type":"","background-media":"","overlay-type":"","overlay-color":"","overlay-opacity":"","overlay-gradient":""},"tablet":{"background-color":"var(--ast-global-color-4)","background-image":"","background-repeat":"repeat","background-position":"center center","background-size":"auto","background-attachment":"scroll","background-type":"","background-media":"","overlay-type":"","overlay-color":"","overlay-opacity":"","overlay-gradient":""},"mobile":{"background-color":"var(--ast-global-color-4)","background-image":"","background-repeat":"repeat","background-position":"center center","background-size":"auto","background-attachment":"scroll","background-type":"","background-media":"","overlay-type":"","overlay-color":"","overlay-opacity":"","overlay-gradient":""}},"footnotes":""},"class_list":["post-668","page","type-page","status-publish","hentry"],"_links":{"self":[{"href":"https:\/\/firstep.mx\/index.php?rest_route=\/wp\/v2\/pages\/668","targetHints":{"allow":["GET"]}}],"collection":[{"href":"https:\/\/firstep.mx\/index.php?rest_route=\/wp\/v2\/pages"}],"about":[{"href":"https:\/\/firstep.mx\/index.php?rest_route=\/wp\/v2\/types\/page"}],"author":[{"embeddable":true,"href":"https:\/\/firstep.mx\/index.php?rest_route=\/wp\/v2\/users\/1"}],"replies":[{"embeddable":true,"href":"https:\/\/firstep.mx\/index.php?rest_route=%2Fwp%2Fv2%2Fcomments&post=668"}],"version-history":[{"count":73,"href":"https:\/\/firstep.mx\/index.php?rest_route=\/wp\/v2\/pages\/668\/revisions"}],"predecessor-version":[{"id":1811,"href":"https:\/\/firstep.mx\/index.php?rest_route=\/wp\/v2\/pages\/668\/revisions\/1811"}],"wp:attachment":[{"href":"https:\/\/firstep.mx\/index.php?rest_route=%2Fwp%2Fv2%2Fmedia&parent=668"}],"curies":[{"name":"wp","href":"https:\/\/api.w.org\/{rel}","templated":true}]}}